est common divisor of 22 and y.
11
Suppose 0 = 3*a + a + 5*v - 50, -2*v = 2*a - 24. What is the highest common factor of 30 and a?
10
Suppose 2*i = -2*i + 76. Let z = i + -9. What is the greatest common divisor of z and 70?
10
Suppose 3*k + 4 - 19 = 0. Suppose -12 = 2*o + k*n - 121, -4*o = 2*n - 194. Let q = 9 + o. Calculate the greatest common factor of q and 14.
14
Let h(v) = 2*v + 8. Suppose 0 = -13*d + 9*d + 28. Let o be h(d). Let m = -8 + o. What is the highest common factor of m and 28?
14
Let o be 8/(-10)*120/16. Let t be (o - -5)*(-1 - 11). What is the highest common factor of t and 12?
12
Suppose 4*t - q - 1237 = 0, -3*t + 3*q + 939 = -0*t. What is the greatest common factor of 28 and t?
28
Suppose 0 = -0*f + f - 2*z - 2, -12 = -3*f + 4*z. Calculate the highest common divisor of 88 and f.
8
Let h = 2 + 5. Calculate the greatest common divisor of 21 and h.
7
Let s = 13 - -23. Let f be (s/2)/3 + 1. What is the highest common divisor of f and 7?
7
Suppose 5*q = -25, -2*q = 4*g - 25 - 1. What is the greatest common divisor of 171 and g?
9
Let s be ((-16)/12)/(3/(-9)). Calculate the greatest common divisor of 4 and s.
4
Let y(u) = u**2 + 3*u + 14. Let k be y(10). What is the highest common factor of 16 and k?
16
Suppose -f = -2*f + 63. Let v(d) be the third derivative of d**6/120 + d**5/10 + 7*d**3/6 - d**2. Let b be v(-6). What is the highest common factor of b and f?
7
Let h(i) = -12*i - 8. Let y(q) = -6*q - 4. Let a(o) = 4*h(o) - 7*y(o). Let d be a(-2). Calculate the greatest common divisor of 32 and d.
8
Let c = 19 - 33. Let o be (-4)/c - (-103)/7. Let a be (-6)/o + 216/15. What is the highest common divisor of 56 and a?
14
Let n be (-112)/(-6)*(-42)/(-28). Suppose -n = -4*t - 4. Calculate the greatest common divisor of 12 and t.
6
Let q = 3 - 0. Let n be 10/4*(-6)/5. Let j be -5 - n - 0 - -8. What is the greatest common factor of q and j?
3
Suppose 2*a - 129 = -31. Let d be 10 - (-1 + 3 - -1). What is the greatest common factor of d and a?
7
Let k = -39 - -44. Calculate the highest common divisor of k and 35.
5
Suppose 5*z + 33 = 3*h + 3*z, 4*h - 5*z - 37 = 0. Let x = 1 + h. What is the greatest common factor of 70 and x?
14
Let g(d) = -2 + 10*d**2 - 8 - d**3 + d + 2. Let f be g(10). Suppose f*i - 43 = 77. Calculate the greatest common divisor of 24 and i.
12
Let u be (-2)/(1*5/(-120)). Calculate the highest common factor of 16 and u.
16
Suppose p = 3*p - 6. Suppose -t - u + 3*u = -p, 4*t - 57 = -u. Suppose -5*d + z = -2*z - t, 5*d - 37 = -3*z. Calculate the greatest common divisor of 55 and d.
5
Let o = 3 - 4. Let p be o + (-1 - 1) + 17. Let w = 168 - 98. Calculate the greatest common divisor of w and p.
14
Let a = 57 - 33. What is the greatest common divisor of 8 and a?
8
Let d be 10/(-3)*(-3)/1. Suppose -4*c = -9*c + 550. What is the greatest common factor of d and c?
10
Let z be -58*((-7)/2 - -3). Let y = 17 - z. Let c be (y/15)/(8/(-140)). What is the greatest common divisor of 2 and c?
2
Let q(i) = -162*i + 3. Let t be q(-4). Suppose 5*g + 2*b + b = t, -b + 657 = 5*g. Calculate the highest common factor of g and 12.
12
Let p = 114 + -101. Calculate the highest common factor of 13 and p.
13
Suppose 14 = 7*t - 5*t. Calculate the greatest common factor of t and 28.
7
Let y(f) = 3*f**2 + f + 4. Let d be y(-2). Let i be ((-1)/3)/((-1)/21). What is the greatest common divisor of d and i?
7
Let b be 8/4 - (-5 + 2). Suppose -70 - 10 = -b*d. Calculate the highest common divisor of 8 and d.
8
Let k be (-26)/195 + (-92)/(-15). Suppose w + 10 = 4*z, -3*z + k = 3*w - 6*z. Calculate the greatest common divisor of w and 60.
6
Suppose d + 3*l + l - 17 = 0, 2*d = -l - 1. Let s = d - -5. Let x be (-18)/(-4 + s/1). What is the greatest common factor of x and 36?
9
Suppose -10*v + 7*v = -363. What is the highest common factor of 11 and v?
11
Suppose -5*v - 2 = -62. Calculate the greatest common factor of 3 and v.
3
Suppose -9*g = -2*g - 140. Let p be 1494/30 - 1/(-5). What is the greatest common factor of g and p?
10
Suppose -5*f + 8 + 7 = 0. Suppose 0 = 2*i - f*i. Suppose i = -4*j + 55 + 29. What is the highest common factor of 189 and j?
21
Suppose 0 = -x - 3*x + 16. Suppose n = -x*n + 25. Suppose n + 20 = 5*z. Calculate the greatest common factor of z and 2.
1
Let v be -3 + -1 + 1 + -3. Let g be (v/(-9))/(1/33). Suppose -y + g = -0*y. What is the greatest common factor of y and 2?
2
Suppose 0 = 3*h - 0*h + 4*w + 40, h + 5*w = -28. Let i(p) = -p**2 - 8*p + 4. Let g be i(h). Calculate the greatest common divisor of 8 and g.
4
Let y = 5 - -1. What is the greatest common factor of y and 12?
6
Let g be (-220)/(-14) + (-2)/(-7). Let b = g - 0. Suppose 0 = 2*u - 8 - b. Calculate the highest common factor of u and 6.
6
Let z(q) = q**2 - 13*q + 1. Let o be z(12). Let b = 17 + o. Calculate the greatest common divisor of 54 and b.
6
Let o(j) = 2*j**2 + 1. Let l be o(1). Suppose r - 21 = 3*u, -3*r - 2*u = 2*r - 88. Calculate the greatest common divisor of l and r.
3
Suppose 13*j + 104 = 17*j. Calculate the highest common factor of 65 and j.
13
Let t = -23 + 133. Calculate the greatest common divisor of 44 and t.
22
Suppose -3*t = -4*o - 351, -5*o - 78 = -t + 39. Calculate the greatest common factor of 13 and t.
13
Let y(f) = -7*f. Let n be y(-1). What is the highest common factor of n and 21?
7
Let a(b) = 4*b**2 - 5*b + 4. Let p be a(3). Calculate the greatest common divisor of 275 and p.
25
Let r = 92 + -70. Let l = 21 + -35. Let a = l + r. What is the greatest common factor of a and 72?
8
Suppose 0 = -0*b + 2*b - 24. Calculate the greatest common factor of 132 and b.
12
Suppose -k - 28 = -1. Let o be k/(-2) + (-4)/8. Calculate the highest common divisor of 104 and o.
13
Let x be 1 + (2 - 4) - -17. Suppose -4*m - 3*a = -7*m + 351, -580 = -5*m + 4*a. Calculate the greatest common divisor of x and m.
16
Suppose 14 = -0*x + 2*x + 2*a, 2*a = 5*x - 7. Suppose 5*n - 1 = 4*f, -8*f + x*f + 10 = 5*n. Calculate the highest common factor of n and 7.
1
Suppose -2*h - u + 102 = 0, 2*u = 5*h + u - 248. Calculate the highest common factor of h and 75.
25
Let y(h) = -h**3 - 5*h**2 + h + 7. Let a be y(-5). Suppose 3*t = -a + 23. Suppose 2*l = -0*l + 2. What is the greatest common divisor of t and l?
1
Suppose 274 + 494 = 4*z. Calculate the greatest common factor of z and 24.
24
Suppose 3*c - 36 = 33. Calculate the highest common factor of 46 and c.
23
Suppose w + 9 = -4*h, h - 4*h - 9 = 3*w. Let q = -2 - h. Suppose 3*s - 167 - 43 = q. What is the highest common factor of s and 10?
10
Suppose 0 = m + m - 408. Suppose 4*z - 56 = m. Calculate the greatest common divisor of z and 26.
13
Let g(t) = -t**2 - 21*t - 17. Let d be g(-16). Calculate the greatest common factor of d and 7.
7
Let i(r) = 120*r**3 + 2*r - 1. Let s be i(1). What is the greatest common divisor of 11 and s?
11
Let h(p) = 4*p - 8. Let s be h(10). What is the highest common factor of 224 and s?
32
Let h = -104 - -125. Calculate the greatest common divisor of h and 28.
7
Let b = 2 - 0. Suppose 4 = 3*o - b. Suppose 60 = -0*p + o*p. Calculate the highest common divisor of p and 12.
6
Let b = -6 - -9. Suppose m + 0*s + b = 5*s, -5*s = -5*m + 5. What is the highest common factor of 4 and m?
2
Let n be (-3 + 1)*(-23 - -1). Suppose 5*g = 76 + n. Calculate the highest common factor of g and 16.
8
Let x = -20 - 8. Let n = 52 + x. What is the highest common divisor of 12 and n?
12
Suppose -2*m = -3*j + 38, 5*j - 2*m - 65 = m. Suppose -15 = -6*u + 81. Calculate the greatest common divisor of j and u.
16
Let k be 2/9 - (-320)/18. Suppose 0 = 2*m + 5*x - 92, 3*m + 0*x = x + 104. What is the highest common divisor of k and m?
18
Let s = -135 - -15. Let d be (11/(-2))/(12/s). Let v = 34 + -23. What is the highest common factor of d and v?
11
Suppose -v + i + 4*i = 29, 2*v - 2*i = -26. Let s(w) = -w**2 - 10*w + 1. Let x be s(v). Calculate the greatest common divisor of 70 and x.
10
Let j(h) be the third derivative of -h**4/24 + 11*h**3/6 - 5*h**2. Let d be j(10). Calculate the greatest common divisor of d and 5.
1
Suppose 310 = 5*a + 5*t, -4*t + 64 = -3*a + 236. Calculate the greatest common divisor of a and 12.
12
Let h(u) = 8*u**3 + 4*u**2 - u - 3. Let l be h(2). What is the highest common factor of l and 15?
15
Suppos